26d1a95?
26d1a9a
In base 10, what is -488199 - 8?
-488207
In base 10, what is -469825 - 30?
-469855
In base 6, what is -3410 + -414311?
-422121
In base 16, what is 24 - 6505a7?
-650583
In base 13, what is 2854 + -55249?
-526c5
In base 16, what is -36ad - -b49?
-2b64
In base 16, what is -25 - 109b7?
-109dc
In base 9, what is 788 - 2214?
-1315
In base 10, what is 2136 + -1833?
303
In base 7, what is -16454011 - 12?
-16454023
In base 8, what is -3335 + -170235?
-173572
In base 5, what is 3421140023 + -4?
3421140014
In base 5, what is -30 - 2443324240?
-2443324320
In base 14, what is 49943 + -19c?
49785
In base 10, what is 2871 - -113?
2984
In base 9, what is -2 + 30838315?
30838313
In base 7, what is -10421336 + 622?
-10420414
In base 12, what is 366a + 59278?
60926
In base 9, what is -134 - -44071?
43836
In base 3, what is -10020120 - -2022000?
-221120
In base 6, what is 21 + -35311152?
-35311131
In base 16, what is -250cd + 2?
-250cb
In base 15, what is -549 - 21e4d?
-22497
In base 12, what is -23807145 + -2?
-23807147
In base 12, what is -4705b4 + -a?
-470602
In base 10, what is 3337910 + 2?
3337912
In base 16, what is -a + 2e15f?
2e155
In base 11, what is 3a708 - -5a?
3a767
In base 16, what is 89fb + -4b?
89b0
In base 14, what is -34 - 144446?
-14447a
In base 10, what is 23 + 21700672?
21700695
In base 3, what is -1002021102212 - 1000?
-1002021110212
In base 10, what is -5684 + -264?
-5948
In base 7, what is 2260452160 - 4?
2260452153
In base 4, what is -203120013013331 + 0?
-203120013013331
In base 3, what is 20212010110021 - 2?
20212010110012
In base 5, what is -3111 + 31033?
22422
In base 4, what is 1111013113 - -11303?
1111031022
In base 2, what is 1011100100001010 + -11000?
1011100011110010
In base 13, what is 83754 - -907?
8435b
In base 11, what is 1100a0 + 1273?
111363
In base 16, what is 0 - 149919?
-149919
In base 2, what is 1 - 110100001111001000101000?
-110100001111001000100111
In base 16, what is 82a0 + 15?
82b5
In base 4, what is 312132 - 10032?
302100
In base 9, what is 6261111732 - -5?
6261111737
In base 12, what is 4 - 80145?
-80141
In base 10, what is 309 - 168088?
-167779
In base 14, what is -151d + -193?
-16b2
In base 6, what is 104 - -44414331?
44414435
In base 9, what is 3320677 + -62?
3320615
In base 3, what is 2 + -100221211111020010?
-100221211111020001
In base 16, what is -46c + b986?
b51a
In base 10, what is 4 - 8002708?
-8002704
In base 16, what is 7c - -acbbd?
acc39
In base 6, what is 142031233 + 5?
142031242
In base 14, what is -7c4a6 + -107?
-7c5ad
In base 16, what is -465 + 32143?
31cde
In base 9, what is -36522866 + 10?
-36522856
In base 2, what is 11000110011101001000100111 - -1001?
11000110011101001000110000
In base 15, what is 12ceb13 - -5?
12ceb18
In base 6, what is 251202440 + 4?
251202444
In base 5, what is 2 + 1101344110?
1101344112
In base 7, what is 1134433 - 102?
1134331
In base 9, what is 327476 - -320?
327806
In base 2, what is 110 - 1100110100010101100?
-1100110100010100110
In base 3, what is -20021210110210202 - -11?
-20021210110210121
In base 13, what is -69 + 18731?
18695
In base 5, what is -110 - -1014311042?
1014310432
In base 10, what is 3305228 - 10?
3305218
In base 8, what is 11640325 - -57?
11640404
In base 10, what is -823 - 20509?
-21332
In base 8, what is -146723 - 45410?
-214333
In base 7, what is 26066602 - 2?
26066600
In base 6, what is 1043021404 - 151?
1043021213
In base 4, what is -2322 - 123300121?
-123303103
In base 7, what is 3 + 10460104?
10460110
In base 2, what is -101110001110100110001111 - -1?
-101110001110100110001110
In base 2, what is 11110100011110000010101100101 + 1?
11110100011110000010101100110
In base 15, what is -2 - 6badcd?
-6badd0
In base 3, what is 211101122100 + -102002?
211101020021
In base 16, what is -228c + 23e?
-204e
In base 4, what is 11310110 + 30332?
12001102
In base 13, what is 3a33990 + -3?
3a3398a
In base 7, what is -5 + -156635054?
-156635062
In base 12, what is -1 + 9091b?
9091a
In base 13, what is 2b20888b + 5?
2b208893
In base 9, what is -63011105 + -5?
-63011111
In base 8, what is -44744760 + 3?
-44744755
In base 10, what is 3685154 + -6?
3685148
In base 16, what is -17598f - 1c?
-1759ab
In base 8, what is -1074 - 2661560?
-2662654
In base 9, what is 46450456 - -3?
46450460
In base 3, what is 1212102102 - -202210220?
2122020022
In base 8, what is 74131505 - -2?
74131507
In base 5, what is 3021044202442 - -10?
3021044203002
In base 10, what is -24280515 - 1?
-24280516
In base 6, what is -3 + 300535011?
300535004
In base 12, what is -3b4 + -75066?
-7545a
In base 12, what is 3546 + 109a?
4624
In base 2, what is 110110011011011 - 1101111101?
110100101011110
In base 13, what is 12b + 19ca6?
1a104
In base 14, what is -3 + -79d094c?
-79d0951
In base 11, what is -1207 - -39979?
38772
In base 5, what is -4 - -220440234?
220440230
In base 3, what is 202110221 + 2202?
202120200
In base 9, what is -2574427 + 51?
-2574366
In base 7, what is -1005 - -365405?
364400
In base 2, what is 10001111111 - 10010110110111?
-10000100111000
In base 11, what is -a16 + -146?
-1061
In base 10, what is 52827 + -501?
52326
In base 4, what is 1321231 - 33000121?
-31012230
In base 12, what is -1568132 - -34?
-15680ba
In base 3, what is -1000 - -2020220110212211?
2020220110211211
In base 7, what is -2302201 - 265?
-2302466
In base 15, what is -726859d + -2?
-72685a0
In base 3, what is 1011021110022 + -1002?
1011021102020
In base 7, what is -4302235441 - 3?
-4302235444
In base 8, what is 66545 - -1453?
70220
In base 16, what is -35c88d + -1?
-35c88e
In base 12, what is -39a406 - 27?
-39a431
In base 11, what is 1 + -3219861?
-3219860
In base 8, what is -273003 + 41?
-272742
In base 14, what is 308 + -c4a?
-942
In base 11, what is -562875 + 121?
-562754
In base 9, what is 4631 + -72563?
-66832
In base 11, what is 6 - -80a2a82?
80a2a88
In base 12, what is 10a404 - -3a5?
10a7a9
In base 2, what is 11011111 + -100101111111111010?
-100101111100011011
In base 15, what is -15ce511 + -a?
-15ce51b
In base 14, what is 2 + -105175b?
-1051759
In base 15, what is 4b8d15 + 1?
4b8d16
In base 7, what is 22065 - -5510?
30605
In base 7, what is 1242 + 66644?
101216
In base 14, what is 22 - -33c3d0?
33c412
In base 5, what is 40 - -1440022320?
1440022410
In base 11, what is -22a94 + 47?
-22a48
In base 9, what is -10885 - -4082?
-5803
In base 8, what is 256 - 600424?
-600146
In base 3, what is -120212101200 - -22?
-120212101101
In base 8, what is 5 + -3020027?
-3020022
In base 8, what is -160 + 523336?
523156
In base 15, what is 225d - -1ad4?
3d42
In base 6, what is 2153344 + -14330?
2135014
In base 12, what is -3 - -979269a?
9792697
In base 4, what is 113 + 1031203013?
1031203132
In base 8, what is 745 + -21213?
-20246
In base 12, what is 17 - 2547b6a?
-2547b53
In base 14, what is -30 + -b03?
-b33
In base 14, what is 5 + -8394605?
-8394600
In base 6, what is -10050400 - 222?
-10051022
In base 5, what is 444122010 - 314?
444121141
In base 8, what is -2 + -137661356?
-137661360
In base 5, what is -444 - 11242214?
-11243213
In base 2, what is 1 + 1011100100011011?
1011100100011100
In base 10, what is -49363 - -1650?
-47713
In base 13, what is 975c1c - 7b?
975b71
In base 3, what is 121220120120121 + 100?
121220120120221
In base 8, what is -1614 + 116020?
114204
In base 8, what is -361 + 117731?
117350
In base 14, what is -9 + 7c1762?
7c1757
In base 2, what is 10111010100 + 111001010000?
1010000100100
In base 5, what is -20310423 + 111341?
-20144032
In base 9, what is -130771 + -354?
-131235
In base 6, what is -10350 + -43454?
-54244
In base 9, what is -1130 + 20830?
18700
In base 14, what is 4940 - -13d?
4a7d
In base 3, what is -21 - -1000110000?
1000102202
In base 5, what is 33112142130 - -4?
33112142134
In base 2, what is -101111111111000100 - -1101000000?
-101111110010000100
In base 5, what is -1 + -140311314442?
-140311314443
In base 16, what is f - -36be4?
36bf3
In base 10, what is 7 - -124?
131
In base 10, what is 366 + -129550?
-129184
In base 4, what is -203203032132 - 212?
-203203033010
In base 3, what is -12022212101012100 - -10?
-12022212101012020
In base 12, what is 2b + 44924?
44953
In base 2, what is -10110001001 - -1100100000?
-1001101001
In base 6, what is 33 - 1051203205?
-105120313